 l.
36
Suppose -103 = 5*w - 78. Let g(n) = -64*n - 71. What is the remainder when g(w) is divided by 63?
60
Let o(k) = -102*k**3 + 4*k**2 - 8*k - 11. Calculate the remainder when 387 is divided by o(-1).
78
Suppose -3*n - 25 - 7 = -2*s, -2*s + 34 = -2*n. What is the remainder when 1835 is divided by s?
11
Suppose -4*r = -4*p + 36, 4*r = 5*p + 7*r - 85. Let g = -6 - -25. Suppose 4*l - g - 14 = -x, 38 = x + 3*l. What is the remainder when x is divided by p?
11
Suppose 4*y + 40 = 2*x, 9*x - 4*x = 4*y + 52. Let d = y - 10. What is the remainder when (-12)/d*(0 - (-243)/6) is divided by 9?
0
Calculate the remainder when (-2)/(-3) - (-16870)/21 is divided by 286.
232
Let v = -21 - -17. Let f be v - 5/(-5)*4. Suppose -r - r = 2, f = -4*j + 5*r + 61. Calculate the remainder when 53 is divided by j.
11
Let x(n) = -88*n + 831. What is the remainder when x(-5) is divided by 260?
231
Let h be -3*((-16)/6 + 2). Suppose 0 = m - h*k + 3*k - 2, -18 = m + 5*k. Calculate the remainder when ((-6)/(-1))/(-12) + 354/4 is divided by m.
4
Let n(s) = -s**2 - 5*s - 4. Let o be n(-4). Suppose o = -8*r + 6692 + 4820. Suppose -11*y = -244 - r. Calculate the remainder when y is divided by 13.
10
Suppose -j + 3*n - 8 = 0, 2*n = -3*j + 4*j + 3. Suppose 8*u + 824 = 12*u. Suppose 7*o = 74 + u. What is the remainder when o is divided by j?
5
Let v(a) = -a**3 + 7*a**2 + 2*a - 13. Let j be v(7). Calculate the remainder when 45 is divided by j/(-8) + ((-4069)/(-104) - 5).
11
Calculate the remainder when 1/(-10)*4*21490/(-28) is divided by 10.
7
Let d(a) = -a**3 + 5*a**2 - 2*a - 5. Let j be d(4). Let p(u) = u + 30. Calculate the remainder when 96 is divided by p(j).
30
Let t(d) = -d**2 + 8*d + 41. Let z be t(8). Let h = z - -356. Calculate the remainder when h is divided by 20.
17
Calculate the remainder when 117 - (-3 - 8) - -17 is divided by 8.
1
Let q(y) = y**3 - 22*y**2 - 61*y + 352. What is the remainder when 156 + 1/3*3 is divided by q(24)?
37
Suppose 4*p = -4*d + 16, 8 = 6*d - 3*d + p. Suppose d*k + 0*k - 43 = -h, h + 77 = 3*k. Calculate the remainder when 65 is divided by k.
17
Suppose i + 8 = -2*x + 4*x, 5*x - 25 = 5*i. Suppose -9 = -x*s - 3. Suppose -4*j - s*j = -216. Calculate the remainder when j is divided by 10.
6
Let a(m) = 8*m + 2. Let c(w) = w**2 + 27*w - 57. Let v be ((-700)/(-22))/(-1) - 48/264. Calculate the remainder when c(v) is divided by a(3).
25
Suppose -m = -2*l + 43, -943*l - 3*m = -938*l - 190. Let t(c) = -6*c + 1. What is the remainder when t(-6) is divided by l?
8
Suppose 17*j - 125 = 12*j + 4*n, 2*n = -j + 39. Suppose c + 49 = 221. What is the remainder when c is divided by j?
27
Let b = -5076 + 6395. What is the remainder when b is divided by 59?
21
Suppose 65*i - 60 = 8780. What is the remainder when i is divided by 78?
58
Let t = -843 + 4006. Calculate the remainder when t is divided by 29.
2
Suppose 0 = l + d - 13, -3*d = 2*l + 2*d - 38. What is the remainder when l is divided by (756/210)/(1/(-5)*(-16 + 13))?
3
Suppose -3*v = -0*l + 4*l - 4, 0 = -4*l + 4*v + 32. Let p(k) = -k**2 - 9*k - 9. Let f be p(-7). Let h = f - 0. What is the remainder when h is divided by l?
1
Suppose -57*s + 24 = -53*s, 4*v = 4*s + 400. What is the remainder when 508 is divided by v?
84
Let i(p) = 5*p**2 - 143*p + 361. What is the remainder when i(26) is divided by 3?
2
Let a(z) = 6*z + 19. Let s(b) = b + 13. Let t be s(5). Let n be a(t). Let h = n + -69. What is the remainder when h is divided by 21?
16
Let k(v) = -v**2 + 2*v - 5. Let c be k(3). Let b be -1*(-40 - c/(-4)). Let p = b + -12. What is the remainder when 58 is divided by p?
28
Calculate the remainder when -5 - 1/((-4)/2852) is divided by 351.
6
Suppose -3*b - v + 475 = 0, 5*v + 765 = b + 4*b. Let r = 7 - -33. What is the remainder when b is divided by r?
37
Suppose -5*j + 3*j - 872 = 0. Let v = -297 - j. What is the remainder when v is divided by 6 + ((-17473)/(-808) - (-3)/8)?
27
Suppose v - 3*m - 22 = 0, -2*v + 74*m = 78*m - 14. Calculate the remainder when 503 is divided by v.
9
Let c(q) = -4*q - 24. Suppose -m + 45 = -4*m. Let j be (-1)/m*6 - (-37)/(-5). Calculate the remainder when 10 is divided by c(j).
2
Let o = -21849 - -22672. Calculate the remainder when o is divided by 8.
7
Suppose 0 = v - 392 + 8. Let b be -2*4/16*-10. Suppose v = 4*l + 4*q, -468 = -b*l + 2*q - q. Calculate the remainder when l is divided by 16.
14
Let m = 5944 + -5014. Calculate the remainder when m is divided by 39.
33
Suppose 71 - 599 = -66*j. Calculate the remainder when 1717 is divided by j.
5
Suppose 0*l - 22 = -3*i + l, 4*l - 2 = -3*i. Let p = -35 + 51. What is the remainder when p/(-24) + (1 - (-526)/i) is divided by 23?
19
Let z(h) = 4*h**2 + 37*h + 44. Calculate the remainder when 23 is divided by z(-8).
3
Suppose -n + 775 = 4*n. Suppose 0 = 13*l + 131 + n. Let k = 162 + l. Calculate the remainder when k is divided by 13.
10
Suppose 17*f - 4*q = 16*f, 3*f = -2*q + 42. Let b = 15 - 10. Suppose 0 = -s - 2, -242 + 17 = -b*h - 5*s. Calculate the remainder when h is divided by f.
11
Suppose 0 = 5*f + 1194 + 2416. Let m = -713 - f. Calculate the remainder when 147 is divided by m.
3
Let k = 21 + -49. Let z = -20 - k. Suppose 0 = 8*t - 7*t - 2, 3*v - 5*t = 464. What is the remainder when v is divided by z?
6
Let n be ((-76)/10)/((-3)/30). Let g = 298 - n. Suppose r + 444 = 4*z - 0*r, 2*z - g = r. Calculate the remainder when z is divided by 28.
27
Let c(u) = u**3 + 32*u**2 - 82*u + 550. What is the remainder when c(-34) is divided by 88?
58
Suppose -16*m + 309 + 767 = -44. Calculate the remainder when 2098 is divided by m.
68
Suppose -2*i - 12*i = 110*i - 17484. What is the remainder when i is divided by 126?
15
Suppose 6*b + 8*b - 24366 + 1854 = 0. Calculate the remainder when b is divided by 531.
15
Suppose g = -6*g - 210. Let u = g + 47. Suppose 13*k = u*k - 292. Calculate the remainder when k is divided by 25.
23
Let m(i) = 3*i**2 + 23*i + 194. Calculate the remainder when 1793 is divided by m(-7).
173
Let h(j) = -21*j - 24. Let u(d) = 3*d**3 + 2*d**2 - 2*d - 1. Calculate the remainder when h(-6) is divided by u(2).
21
Let x = 33196 + -32772. Calculate the remainder when 869 is divided by x.
21
Let d(z) = 7*z - 45. Suppose 35 = 3*k + 2*k. Let i be d(k). Suppose -y = 4*r - 22, -3*r = 3*y - i*y - 6. What is the remainder when 22 is divided by y?
4
Let w(k) = 111*k**2 - k + 17622. Calculate the remainder when w(0) is divided by 15.
12
Let h = -8 - -18. Calculate the remainder when h is divided by 3/(-9) + (-4)/(-3).
0
Suppose -2*z = 6, 2*k + 35*z - 32*z = 75. What is the remainder when 497 is divided by k?
35
Suppose -2*t = 5*k - 4*k - 105, -t + 534 = 5*k. Calculate the remainder when 219 is divided by k.
5
Suppose 0 = 5*o - 5*r - 166 - 294, 284 = 3*o + r. What is the remainder when 652 is divided by o?
88
Suppose 0*n - q = -3*n + 1216, 2*n = 4*q + 804. Calculate the remainder when n is divided by 92.
38
Let q = -5986 - -6476. What is the remainder when q is divided by 127?
109
Let a(q) = 3*q + 26. Let l(j) = j + 1. Let t(d) = a(d) + 5*l(d). Let v(i) = i**3 - 3*i**2 - 5*i - 5. What is the remainder when t(11) is divided by v(5)?
19
Let m(i) be the first derivative of -i**3/3 - 31*i**2/2 - 35*i - 42. Calculate the remainder when m(-24) is divided by 15.
13
Let s = 7684 + -7670. Calculate the remainder when 890 is divided by s.
8
Suppose 11*x = -2*x. Suppose x = -3*r + y + 264, -49*y + 47*y - 264 = -3*r. What is the remainder when r is divided by 24?
16
Let m = -154 + 158. Let l(a) = 2*a**3 - 5*a**2 - 3*a - 7. What is the remainder when l(m) is divided by 20?
9
Let d = -10 + 31. Calculate the remainder when (((-215180)/(-84))/29)/((-4)/(-12)) is divided by d.
13
Let c(i) = 13*i**2 - 3*i - 3. Suppose 0*f - 9*f = -162. Suppose f*d - 16*d = 4. Calculate the remainder when 83 is divided by c(d).
40
Let h(i) = 4*i**2 + 2*i - 8. What is the remainder when h(-3) is divided by (6/12)/(1/34)?
5
Suppose -13*v = -3*l - 92, -4*l - 61 = 19*v - 24*v. Calculate the remainder when 1498 is divided by v.
3
Let o = 258 + -250. What is the remainder when 1639 is divided by o?
7
Let m(g) = g**3 + 15*g**2 - 6*g - 10. Suppose 35 = -0*y + 7*y. Let a be 3*y*(4 - 5). What is the remainder when m(a) is divided by 27?
26
Let h = 524 + -519. Let w(t) 